its digit of 385094203?
3
What is the millions digit of 111665666?
1
What is the hundred millions digit of 7387858861?
3
What is the hundreds digit of 4155174636?
6
What is the thousands digit of 5796999?
6
What is the hundreds digit of 485210367?
3
What is the hundreds digit of 222121230?
2
What is the ten millions digit of 17334152?
1
What is the millions digit of 139602636?
9
What is the ten millions digit of 283688102?
8
What is the thousands digit of 28107859?
7
What is the tens digit of 1041811296?
9
What is the hundred millions digit of 118554644?
1
What is the ten thousands digit of 1140687974?
8
What is the thousands digit of 1375817?
5
What is the hundred millions digit of 1013497579?
0
What is the ten thousands digit of 108475736?
7
What is the hundreds digit of 223387206?
2
What is the hundreds digit of 65317483?
4
What is the ten millions digit of 76517762?
7
What is the millions digit of 4231956348?
1
What is the hundreds digit of 680173436?
4
What is the tens digit of 47271195?
9
What is the units digit of 846232762?
2
What is the hundreds digit of 511805831?
8
What is the units digit of 133142067?
7
What is the units digit of 1292134014?
4
What is the hundred thousands digit of 1216938804?
9
What is the ten millions digit of 68483887?
6
What is the thousands digit of 34593059?
3
What is the hundred millions digit of 224672106?
2
What is the ten thousands digit of 43451111?
5
What is the hundreds digit of 2212669940?
9
What is the ten thousands digit of 838230780?
3
What is the tens digit of 122318782?
8
What is the ten thousands digit of 296908567?
0
What is the ten millions digit of 473573704?
7
What is the hundred millions digit of 245669088?
2
What is the hundreds digit of 21648032?
0
What is the thousands digit of 366264070?
4
What is the millions digit of 1058831136?
8
What is the ten thousands digit of 2847108137?
0
What is the hundred millions digit of 538569847?
5
What is the hundred thousands digit of 177373519?
3
What is the ten thousands digit of 4563411678?
1
What is the ten millions digit of 544806695?
4
What is the ten thousands digit of 160701276?
0
What is the hundred thousands digit of 125242073?
2
What is the millions digit of 215119952?
5
What is the thousands digit of 1342833406?
3
What is the ten thousands digit of 749487967?
8
What is the hundreds digit of 21297789?
7
What is the ten millions digit of 343470652?
4
What is the billions digit of 1133991920?
1
What is the units digit of 23248291?
1
What is the ten thousands digit of 428041486?
4
What is the thousands digit of 679945150?
5
What is the ten thousands digit of 432194770?
9
What is the hundred thousands digit of 35430811?
4
What is the ten millions digit of 274458847?
7
What is the billions digit of 1501559668?
1
What is the hundred millions digit of 111565069?
1
What is the ten millions digit of 586641054?
8
What is the millions digit of 238787476?
8
What is the tens digit of 3925026?
2
What is the hundred thousands digit of 698631527?
6
What is the hundred thousands digit of 4626848080?
8
What is the ten thousands digit of 54928745?
2
What is the hundred thousands digit of 194163482?
1
What is the thousands digit of 377551864?
1
What is the units digit of 3306322?
2
What is the hundred thousands digit of 155997079?
9
What is the hundreds digit of 3523677752?
7
What is the ten thousands digit of 61046451?
4
What is the hundreds digit of 58382261?
2
What is the hundreds digit of 12536000?
0
What is the hundreds digit of 76817829?
8
What is the hundred thousands digit of 58715917?
7
What is the millions digit of 2028577047?
8
What is the hundred thousands digit of 737657802?
6
What is the ten millions digit of 316850346?
1
What is the hundred thousands digit of 1364300955?
3
What is the thousands digit of 908031735?
1
What is the hundred millions digit of 488292248?
4
What is the hundred millions digit of 1748321123?
7
What is the hundred millions digit of 2009613820?
0
What is the hundred millions digit of 4861167484?
8
What is the thousands digit of 7665513772?
3
What is the hundreds digit of 84794960?
9
What is the millions digit of 291301627?
1
What is the thousands digit of 421037224?
7
What is the millions digit of 18119727?
8
What is the tens digit of 25820609?
0
What is the hundred thousands digit of 26078306?
0
What is the ten millions digit of 3428822946?
2
What is the ten millions digit of 33270789?
3
What is the thousands digit of 1365912965?
2
What is the tens digit of 31726073?
7
What is the tens digit of 44742603?
0
What is the ten millions digit of 32380023?
3
What is the hundreds digit of 6504734405?
4
What is the tens digit of 1199726765?
6
What is the tens digit of 41208662?
6
What is the hundred thousands digit of 41284067?
2
What is the hundreds digit of 72480638?
6
What is the ten millions digit of 86306874?
8
What is the ten thousands digit of 65088869?
8
What is the thousands digit of 568623097?
3
What is the hundreds digit of 82812767?
7
What is the units digit of 291087937?
7
What is the ten millions digit of 65924072?
6
What is the ten millions digit of 589992781?
8
What is the tens digit of 591207893?
9
What is the thousands digit of 52139766?
9
What is the tens digit of 29995785?
8
What is the thousands digit of 23827121?
7
What is the hundreds digit of 5110038619?
6
What is the thousands digit of 3605440795?
0
What is the millions digit of 305486063?
5
What is the tens digit of 155259290?
9
What is the hundred thousands digit of 1117534116?
5
What is the hundreds digit of 916731332?
3
What is the tens digit of 1528194350?
5
What is the hundred millions digit of 662557113?
6
What is the ten thousands digit of 168865069?
6
What is the millions digit of 85806712?
5
What is the thousands digit of 45593602?
3
What is the hundred millions digit of 271672800?
2
What is the ten millions digit of 552131995?
5
What is the hundred thousands digit of 290919082?
9
What is the hundreds digit of 378299918?
9
What is the hundreds digit of 1775716846?
8
What is the hundred millions digit of 379863950?
3
What is the ten millions digit of 418907798?
1
What is the millions digit of 1016189570?
6
What is the ten thousands digit of 459632119?
3
What is the millions digit of 82931851?
2
What is the hundred millions digit of 357617476?
3
What is the hundreds digit of 3570044?
0
What is the ten millions digit of 61345263?
6
What is the ten thousands digit of 2698405329?
0
What is the ten thousands digit of 87430458?
3
What is the ten millions digit of 984986574?
8
What is the tens digit of 22346820?
2
What is the hundred thousands digit of 141389971?
3
What is the units digit of 846406507?
7
What is the ten thousands digit of 62623520?
2
What is the ten millions digit of 1669323688?
6
What is the tens digit of 28895794?
9
What is the billions digit of 2898395076?
2
What is the units digit of 669548719?
9
What is the hundreds digit of 1950281370?
3
What is the tens digit of 306800072?
7
What is the millions digit of 14291079?
4
What is the hundred millions digit of 108136875?
1
What is the ten thousands digit of 540658?
4
What is the hundred millions digit of 200320162?
2
What is the ten thousands digit of 262455658?
5
What is the hundreds digit of 6945645723?
7
What is the ten millions digit of 17590104?
1
What is the hundred thousands digit of 566871216?
8
What is the hundred millions digit of 4011141547?
0
What is the hundreds digit of 486501435?
4
What is the ten millions digit of 38787725?
3
What is the units digit of 237683737?
7
What is the hundreds digit of 2398289012?
0
What is the units digit of 80346361?
1
What is the billions digit of 1201561795?
1
What is the ten thousands digit of 33895313?
9
What is the tens digit of 43465207?
0
What is the ten millions digit of 2845571756?
4
What is the ten thousands digit of 227634701?
3
What is the hundred millions digit of 2566589632?
5
What is the hundred millions digit of 641282898?
6
What is the ten millions digit of 3354165605?
5
What is the tens digit of 2204813?
1
What is the hundreds digit of 23540264?
2
What is the tens digit of 316483945?
4
What is the billions digit of 1978408040?
1
What is the units digit of 83904785?
5
What is the hundred millions digit of 324517066?
3
What i